s the remainder when 34 is divided by t?
7
Let f be 12/(4/(128/6)). Let d(o) = -4*o - 1. Let p be d(-5). Suppose 3*x = f - p. What is the remainder when 29 is divided by x?
14
Let w = 1233 + -1134. What is the remainder when 196 is divided by w?
97
Let l = -81 - -141. Let m(a) = -56*a + 1241. What is the remainder when l is divided by m(22)?
6
Suppose -3*m - 15 = j, 4*m - 3 = 1. Let t = j + 25. Suppose -t = -y - 3. What is the remainder when y is divided by 4?
0
What is the remainder when (-2)/17 - (-94956)/1394 is divided by 19?
11
Let w(c) = -13*c - 6 - 5 + 3*c - 2*c. Calculate the remainder when w(-9) is divided by 20.
17
Let y(a) = -14*a + 1. Let v(c) = 21*c - 24. Let o(i) = i**3 - 4*i**2 - 4*i + 3. Let m be o(5). Calculate the remainder when v(m) is divided by y(-2).
28
Let l = 23 + 22. Suppose -88 = -w - 2*n, -3*n + 47 = w - l. What is the remainder when w is divided by 21?
17
Let n(x) = -x**3 - 3*x**2 - 6*x - 6. Let r(o) = o**3 + 5*o**2 + o - 12. Let t be r(-5). Let d = t + 35. Calculate the remainder when n(-4) is divided by d.
16
Suppose 4*a - 349 - 427 = 0. What is the remainder when 74 is divided by (a/28 + (-3)/7)*4?
22
Suppose -2*r + k + 103 = 0, 89 = 5*r + 5*k - 206. Suppose -3*m - 3*c = -r, -2*c + 4*c = 0. Calculate the remainder when 86 is divided by m.
14
Let k = 29 - 6. Let s be (6 - (-54)/(-10))*5. Suppose -r + s = -6. What is the remainder when k is divided by r?
5
Suppose 3*u - 5*n - 20 = u, -3*u - n - 4 = 0. Suppose 21*i - 17*i - 44 = u. Calculate the remainder when 19 is divided by i.
8
Suppose -11*b = -14*b + 60. Let w = 33 - b. What is the remainder when w is divided by 3?
1
Let h = -14 - -51. Suppose 128 + h = 5*t. Calculate the remainder when 131 is divided by t.
32
What is the remainder when 153 is divided by (-3135)/(-38)*(-4)/(-10)?
21
Suppose -66*p + 14739 = 1539. What is the remainder when p is divided by 36?
20
Suppose 0 = y + 10*y - 275. Suppose 7*o - 2*o = 2*r + 86, -3*r - y = -o. Calculate the remainder when 111 is divided by o.
15
Suppose -2*r - 63 - 1 = 0. Let q = r - -61. Suppose -2*y - y + 89 = 4*i, -y - i = -q. Calculate the remainder when y is divided by 7.
6
Let r be (9 - 0) + (4 - 1). Calculate the remainder when 7 is divided by (r/15)/(2/5).
1
Let y(r) be the first derivative of 4*r**3/3 + 5*r**2 + 16*r - 12. Calculate the remainder when y(-5) is divided by 17.
15
Calculate the remainder when (-4)/(-10) + (-1896)/(-10) is divided by 24.
22
Let a = -3 - -9. Let m = 76 + -73. Suppose m*t - a = 3*v + 21, 4*t - 5*v = 34. Calculate the remainder when 31 is divided by t.
9
Let b(x) = -x**3 + 14*x**2 - 48*x - 4. Calculate the remainder when 29 is divided by b(7).
2
Let a(o) = -4*o + 6. Let d be a(-12). Suppose -214 - d = -2*q. Calculate the remainder when q is divided by 34.
32
Suppose 0 = 3*b - 6*b + 66. Let n be 4/22 - 4/b. Suppose n = -2*w - 5*h + 99 - 14, 0 = 4*w - 2*h - 230. Calculate the remainder when w is divided by 14.
13
Let k = -494 - -836. What is the remainder when k is divided by 8?
6
Let u be (-58)/(-18) + (-12)/54. Suppose -u*m + q = -2*q - 75, 72 = 4*m + 3*q. Calculate the remainder when m is divided by 11.
10
Suppose 8*l - 58 = 30. Calculate the remainder when 13 is divided by l.
2
Suppose -2*u + 5*w = u - 50, -2*w + 4 = 0. Let d be (-1)/(2/(-6))*15. Calculate the remainder when 34 is divided by (8/u)/(1/d).
16
Let u(t) = 3*t**2 + 4*t - 7. Let r be u(5). Let a = 65 + -114. Let m = a + r. What is the remainder when m is divided by 20?
19
Let t(m) = m**3 - m**2 - m. Let p be t(0). Suppose p*i - 3*i - 42 = 0. Let w = 19 - i. What is the remainder when w is divided by 12?
9
Let f be -3 - -2 - (-3 + -8). Let i(m) be the first derivative of 9*m**2/2 - 12*m - 1. Calculate the remainder when i(f) is divided by 20.
18
Suppose -4*n - c + 43 = 2*c, n - 32 = -5*c. Let b(h) = h**2 - 7*h + 13. What is the remainder when 24 is divided by b(n)?
11
Let k(q) = 42*q**2 - q. Calculate the remainder when k(-1) is divided by 5.
3
Let i(v) = -2*v**3 + 4*v**2 - 4*v + 3. Let c be i(2). Suppose 16 = 5*d + 3*x - 3, 5*d - 29 = 2*x. Let l = d - c. What is the remainder when 39 is divided by l?
9
Let t(k) = k**3 - 4*k**2 - 4*k - 10. Let a = -51 - -57. What is the remainder when t(a) is divided by 20?
18
Let i = 1449 + -1032. Suppose -1039 - i = -16*u. What is the remainder when u is divided by 36?
19
Suppose -59*z - 676 = -63*z. What is the remainder when z is divided by 41?
5
Let m(k) = 2*k**3 - 31*k**2 + 23*k + 20. What is the remainder when m(15) is divided by 3?
2
Suppose -144*t + 5978 = -46*t. What is the remainder when t is divided by 21?
19
Let b = -43 - -46. Suppose -d + 2*h + 3 = 0, b*d + 2*h - 45 = -h. Calculate the remainder when 3/3 + -3 + 33 is divided by d.
9
Let a = 159 + -119. What is the remainder when a is divided by 34?
6
Let d(n) = -n**3 - 33*n**2 - 34*n - 51. What is the remainder when 49 is divided by d(-32)?
10
Let v = -1687 - -1741. What is the remainder when 321 is divided by v?
51
Suppose -7*b = -b + 36. Calculate the remainder when (147/b)/((-1)/2) is divided by 13.
10
Let a = 411 + -481. Suppose 2*r - 2*w - 215 = -5*w, -2*r + 221 = 5*w. Let t = a + r. What is the remainder when t is divided by 17?
16
Let m = -65 + 191. Calculate the remainder when m/4*(0 + 2) is divided by 16.
15
Suppose 3*k = -12, -c + k + 159 = -196. What is the remainder when c is divided by 15?
6
Let m = 1 - -1. Let g be 646/85 - ((-12)/5 + 2). Suppose 0 = -5*z + v - 5 + 25, 5*v + g = 2*z. What is the remainder when z is divided by m?
0
Suppose -2*j - z + 39 = 0, 5*j - 97 = -9*z + 6*z. Let g = 35 - 24. Let y = 0 + g. Calculate the remainder when j is divided by y.
9
Suppose -3*o = -14 - 10. What is the remainder when 31 is divided by (3 + 3)*o/6?
7
Calculate the remainder when (3014/33)/((-1)/(-21)) is divided by 32.
30
Let b(p) = -31*p**3 + p**2 + p - 3. What is the remainder when b(-2) is divided by 63?
58
Let u(a) = -371*a - 30. What is the remainder when u(-1) is divided by 18?
17
Suppose -7*x + x = -738. Calculate the remainder when x is divided by 43.
37
Let s(w) = -w. Let o(z) = -5*z. Let r(l) = 3*o(l) - 6*s(l). What is the remainder when (84/(-9))/(6/(-45)) is divided by r(-2)?
16
Suppose -5*m - 48 = -2*b, -5*m + 3*m + 42 = b. Calculate the remainder when 268 is divided by b.
30
Let s(i) = 4*i**2 - 2*i + 2. Let v(b) = b**2 + 4*b - 5. Let t(u) = -u**3 + 9*u**2 - 9*u - 2. Let a be t(8). What is the remainder when v(a) is divided by s(2)?
13
Suppose -58*o + 38544 = -14*o. What is the remainder when o is divided by 11?
7
Let w(x) = -38 - 18*x + 29 + x**3 + 6*x**2 + 4*x**2. What is the remainder when w(-11) is divided by 18?
14
Let w = 62 - 44. Suppose 68*u = 48*u + 1000. Calculate the remainder when u is divided by w.
14
Suppose 0*c = c - 27. Let x = c + -21. Calculate the remainder when x is divided by 4.
2
Let v(x) be the first derivative of -21*x**2/2 - 60*x - 31. Calculate the remainder when v(-8) is divided by 23.
16
Let q(u) = 5*u**3 - 28*u**2 + 26. What is the remainder when q(6) is divided by 11?
10
Suppose 60 + 13 = t - 5*w, 5*t + 5*w = 485. Calculate the remainder when 458 is divided by t.
86
Suppose -2*y = 3*y - 35. Let m = 9 - 1. Let p = 12 - m. What is the remainder when y is divided by p?
3
Let z = -19 - -25. Suppose 36 = -z*c + 108. What is the remainder when 32 is divided by c?
8
Let n(r) = r**3 - 3*r**2 - 4*r + 2. Let a be n(4). Suppose 0*j + a*j = -78. Calculate the remainder when (-6)/j - (-193)/13 is divided by 8.
7
Suppose -35*b - 24 = -38*b. What is the remainder when 135 is divided by b?
7
Let h(x) = -x**2 + 20*x + 54. Let s be h(22). What is the remainder when ((-8)/12)/(s/(-2265)) is divided by 22?
19
Calculate the remainder when 78 is divided by (-27)/63 + (-681)/(-21).
14
Suppose 0 = 15*p + 21*p - 2412. Calculate the remainder when 330 is divided by p.
62
Let k(g) = -53*g. Let b be k(-1). Suppose c + 18 - b = x, -c + 38 = -2*x. What is the remainder when 62 is divided by c?
30
Let n(i) = 5*i**2 + i - 2. Calculate the remainder when 174 is divided by n(-2).
14
Let i = 99 + 16. What is the remainder when i is divided by 15?
10
Suppose 0 = -5*d + 53 + 32. Suppose -3*z = -g + 27, -112 = -5*g - z + 39. Calculate the remainder when g is divided by d.
13
Suppose -4*l - 36 = -8*l. What is the